What is the remainder when 135/6*(-12)/(-9) is divided by 8?
6
Suppose 2*n - 2 = 30. Let y(t) = -2 + 2*t**2 - t + 3*t + 8. What is the remainder when y(-4) is divided by n?
14
Suppose -5*i + 6 = -2*i. Let b(f) be the third derivative of f**4/3 - f**2. Calculate the remainder when 30 is divided by b(i).
14
Suppose -4*g - g = -30. Let d(y) = y**3 - 10*y**2 + 13*y - 13. What is the remainder when d(9) is divided by g?
5
Let v(a) = -16*a**3. Let p be v(1). Let d = p - -10. Let j = 0 - d. Calculate the remainder when 10 is divided by j.
4
Calculate the remainder when 11 is divided by (2 - 50/(-15)) + (-6)/(-9).
5
Calculate the remainder when 85 is divided by ((-4)/(-12))/((-3)/(-198)).
19
Calculate the remainder when ((-1)/(-3))/(1 - 164/165) is divided by 15.
10
Suppose -15 - 41 = -4*k. Let c(s) = -s + 26. What is the remainder when c(0) is divided by k?
12
Let c be (1 + 0)*5/5. Let r(d) = 7*d + 1. Calculate the remainder when 22 is divided by r(c).
6
Let h(o) = -12*o**3 - o - 1. Let p be 1/(-4) + (-63)/(-12). Suppose -i = -4*w - 31, i + 84 = p*i + 4*w. What is the remainder when i is divided by h(-1)?
11
Suppose p - 4*c + 7*c = 6, -24 = -4*p + 4*c. Calculate the remainder when p is divided by 3.
0
Suppose u = -5*g + 28, 3*u - 4*g - 10 = 17. Calculate the remainder when 219 is divided by u.
11
Let v(r) = r**2 - 7*r + 3. What is the remainder when v(11) is divided by 16?
15
Let f(n) = 12*n**2 + 1. Calculate the remainder when 36 is divided by f(1).
10
Calculate the remainder when 27 is divided by (45/(-12) + 2)*(-40)/5.
13
Suppose -c - 10 + 97 = 0. Calculate the remainder when c is divided by 22.
21
Suppose -5*s + 20 = -2*q, -4*q + 5 = 2*s - 3. What is the remainder when 3*4/(4/7) is divided by s?
1
Let u(w) = -w**2 + 10*w + 10. What is the remainder when 110 is divided by u(9)?
15
Suppose 557 - 37 = 8*a. What is the remainder when a is divided by 34?
31
Suppose 16*t = 12*t + 36. What is the remainder when 53 is divided by t?
8
Suppose 5*h = 2 + 8. Suppose 0 = 3*b - 77 + h. Calculate the remainder when b is divided by 14.
11
Let u(t) = -t**3 + 4*t**2 + 12*t + 2. Suppose 8*y - 5*y = -3. Let n(i) = 5*i**2 + i. Calculate the remainder when n(y) is divided by u(6).
0
Suppose 4*o + 22 = -j + 6, 0 = -3*j + 3*o + 27. Suppose w + g - 16 = 0, -3*w + j*w - 41 = 4*g. What is the remainder when w is divided by 6?
3
Suppose 2*s = -5*u + 36 + 11, -22 = -s - 4*u. What is the remainder when 101 is divided by s?
23
Let z = 40 + -39. Let c(q) = -2*q - 1. Let n be c(2). Let o = n - -8. What is the remainder when o is divided by z?
0
Suppose 0 = -3*d - 6, -10 = -3*r + 5*d + 12. Suppose -t - 78 = -r*t. Let g = -45 - -59. What is the remainder when t is divided by g?
12
What is the remainder when 26 is divided by (-2)/(-5) - 408/(-30)?
12
What is the remainder when 1/(-3 - (-796)/264) is divided by 34?
32
Let g = 11 - 7. Let s(x) = -x**3 - 3*x**2 - x + 3. Let f be s(-3). Suppose f*p = 3*p + 27. Calculate the remainder when p is divided by g.
1
Let d be 1/3 - (-1)/(-3). Let u = -10 - d. Let p = 25 + u. Calculate the remainder when 44 is divided by p.
14
Let r = 90 - 9. What is the remainder when r is divided by 21?
18
What is the remainder when 86 is divided by (-1 - 4)*(-88)/20?
20
Suppose 3*o = o + 24. Let i = -26 - -47. What is the remainder when i is divided by o?
9
Let z(u) = u**3 - 5*u**2 + 11*u - 9. Calculate the remainder when z(5) is divided by 7.
4
Let z = 2 - 2. Let s(d) = 2*d - 5. Let b(q) = q - 2. Let w(g) = 7*b(g) - 3*s(g). Calculate the remainder when 1 is divided by w(z).
0
Suppose -4*v - 2*j = -5*j - 189, -141 = -3*v + 2*j. What is the remainder when v is divided by 0 + 46/(-4)*-2?
22
Let b(z) = -2 + 3*z - 3*z**2 - 2*z**3 + 5*z**2 + 0*z**3. Let h be b(2). Let w = h + 24. Calculate the remainder when 58 is divided by w.
18
Let b = -7 - -16. What is the remainder when (0 - (-43)/(-4))*2*-2 is divided by b?
7
Suppose 2*s - 5*s - 3 = 0. Let k be -2 + -8*(-2 - s). Suppose -2*t + k = -0*t. Calculate the remainder when t is divided by 2.
1
Let k = -106 - -109. What is the remainder when k is divided by 2?
1
Let n = -6 - -8. Suppose n*q = 5*f + 10 - 61, 2*f - 3*q - 27 = 0. What is the remainder when 34 is divided by f?
7
Suppose 5*h + 2*l - 26 - 8 = 0, -5*h + 4*l = -52. What is the remainder when 47 is divided by h?
7
Suppose 0*o = -2*o - 80. Let k be -1*(o - 0 - -2). Let m = -21 + k. Calculate the remainder when 49 is divided by m.
15
What is the remainder when 83/(5*(-5)/(-25)) is divided by 21?
20
Let y = -127 + 221. Suppose 0 = 5*t - y + 14. Let g = -7 - -16. Calculate the remainder when t is divided by g.
7
Suppose -8*p = -4*p - 104. Suppose -3*o = -5*o + p. Calculate the remainder when o is divided by 26/7 + (-2)/(-7).
1
Suppose 8*b - 321 = 5*b. What is the remainder when b is divided by 22?
19
Let f be (12/15)/(10/(-25)). Suppose y + l = -19 + 1, -5*y + 4*l - 45 = 0. Let i = f - y. What is the remainder when i is divided by 6?
5
Suppose 3*s = 6*s - 3. Calculate the remainder when 41 is divided by (-1 - s) + 13 + 0.
8
Let y(q) = -q**3 - 8*q**2 - 9*q - 7. Suppose -k - 1 + 3 = 0. Let i be 27/(-4) - k/8. What is the remainder when 19 is divided by y(i)?
5
Let a = -3 - -8. What is the remainder when 18 is divided by a?
3
Let f(n) = 7*n**3 - 4*n**2 + n + 2. Calculate the remainder when f(2) is divided by 16.
12
Let k(t) = 5*t - 5. Let c be -2 + 3/2*4. Suppose -c*p + 25 = p. Calculate the remainder when 38 is divided by k(p).
18
Let y(o) = -17*o - 2. Let f(c) = c. Let t be f(-4). Let k = 54 - 31. What is the remainder when y(t) is divided by k?
20
Suppose 5*j - 4*y + 0*y - 111 = 0, 3*j - 3*y - 69 = 0. Calculate the remainder when 73 is divided by j.
16
Let w = 48 - 17. Suppose -4*i - 67 = -o, 0 = 3*i - o - 0*o + 49. Let h = w + i. What is the remainder when h is divided by 5?
3
Suppose 4*r - 11 = 101. Calculate the remainder when 81 is divided by r.
25
Suppose 15 = 3*z - 6*b + b, b - 43 = -4*z. Let w(v) = -v. Calculate the remainder when z is divided by w(-4).
2
Suppose -m = -3*m + 4, -o + 2 = -3*m. What is the remainder when (-12)/(-28) - 158/(-7) is divided by o?
7
Let l be (0 + 0)*(-9)/18. Let n be ((-10)/6)/((-1)/12). Suppose l = h + 4*j - 36, 5*h - 2*j - 50 = n. What is the remainder when h is divided by 9?
7
Let s = -7 + 11. Suppose 50 = s*p - 126. What is the remainder when p is divided by 15?
14
Let z(s) = 39*s. Calculate the remainder when z(1) is divided by 7.
4
Let w(r) = -6*r**3 - 2*r**2 + 3*r + 4. Calculate the remainder when w(-2) is divided by 13.
12
Let x(f) = f - 1. Let c be x(1). Suppose -5*o + 3*k + 50 = c, 4*k - 5*k + 9 = 2*o. What is the remainder when 11 is divided by o?
4
Let t be (3 + (-5)/2)*0. Suppose t = -4*y + 2*z + 62, -y - 2*z + z = -14. Calculate the remainder when 27 is divided by y.
12
Let s = 2 + -6. Let g(n) = n**2 + n + 1. Let d(z) = -5*z**2 + z - 1. Let w(x) = -d(x) - 6*g(x). What is the remainder when 19 is divided by w(s)?
5
Suppose -3*g - 2*v + 72 = -33, 0 = -2*g + 2*v + 80. Suppose 0 = 5*p - 0*p - 150. Let c = -17 + p. Calculate the remainder when g is divided by c.
11
Suppose -4*s - 4*k - 47 = -5*s, 0 = 2*k + 10. Suppose 0 = 3*p - 24 - 18. Calculate the remainder when s is divided by p.
13
What is the remainder when 46 is divided by ((-68)/8)/((-2)/4)?
12
Let k = 212 - 118. Let j(n) = 5*n**2 + 2*n. Calculate the remainder when k is divided by j(2).
22
Let g(h) = -h + 12. Calculate the remainder when 97 is divided by g(-8).
17
Let m(c) = -c**2 - 11*c + 7. Let y be m(-6). Suppose 0 = 3*q + 2*o + y - 186, 0 = -5*q + 3*o + 280. Calculate the remainder when q is divided by 14.
11
Let d(u) = -u**2 - 4*u - 1. Let j be d(-2). Let q = j + -2. Let x = q + 11. Calculate the remainder when x is divided by 7.
5
Suppose 0 = -3*v + 2*r + 73, 2*v = -2*v + 3*r + 98. What is the remainder when 87 is divided by v?
18
Let y = 33 - 10. Let s be -1 + y*(-3)/(-3). Suppose -2*x = -4*x + s. Calculate the remainder when 19 is divided by x.
8
Let h be -5 - ((-12)/4)/3. Calculate the remainder when 19 is divided by (33/(-6))/(2/h).
8
Let p = 30 + 14. Calculate the remainder when 262 is divided by p.
42
Suppose -t = -2*t + 11. What is the remainder when t is divided by 3?
2
Let k(x) = 15*x - 66. Calculate the remainder when 70 is divided by k(6